{"id":41,"date":"2025-04-25T14:43:55","date_gmt":"2025-04-25T14:43:55","guid":{"rendered":"https:\/\/kasman.studio-ozz.ch\/?page_id=41"},"modified":"2025-08-31T14:15:43","modified_gmt":"2025-08-31T14:15:43","slug":"unsere-dienstleistungen","status":"publish","type":"page","link":"https:\/\/kasman.studio-ozz.ch\/?page_id=41","title":{"rendered":"Unsere Dienstleistungen"},"content":{"rendered":"\n<div class=\"wp-block-group alignfull has-global-padding is-content-justification-center is-layout-constrained wp-block-group-is-layout-constrained\" style=\"margin-top:0;margin-bottom:0\">\n<div style=\"height:var(--wp--preset--spacing--20)\" aria-hidden=\"true\" class=\"wp-block-spacer\"><\/div>\n\n\n\n<div class=\"wp-block-group alignwide is-layout-flow wp-block-group-is-layout-flow\">\n<p class=\"has-text-align-left\">Wir bieten eine Vielzahl von Dienstleistungen an, um Ihre finanziellen Bed\u00fcrfnisse zu erf\u00fcllen.<\/p>\n\n\n\n<div class=\"wp-block-columns alignwide are-vertically-aligned-top is-layout-flex wp-container-core-columns-is-layout-5c8fb865 wp-block-columns-is-layout-flex\">\n<div class=\"wp-block-column is-layout-flow wp-block-column-is-layout-flow\">\n<figure class=\"wp-block-image size-full is-style-rounded\"><img decoding=\"async\" src=\"https:\/\/kasman.studio-ozz.ch\/wp-content\/uploads\/2025\/08\/kasman-1-2-1.jpg\" alt=\"\" class=\"wp-image-260\"\/><\/figure>\n\n\n\n<div class=\"wp-block-buttons is-layout-flex wp-block-buttons-is-layout-flex\">\n<div class=\"wp-block-button is-style-fill\"><a class=\"wp-block-button__link has-base-color has-contrast-background-color has-text-color has-background has-link-color has-text-align-left wp-element-button\"><strong><mark style=\"background-color:rgba(0, 0, 0, 0)\" class=\"has-inline-color has-primary-color\">Treuhand<\/mark><\/strong><br><br>Verl\u00e4ssliche Treuhandl\u00f6sungen f\u00fcr Ihre Zukunft.<br>Bei Kasman Treuhand stehen Vertrauen, Diskretion und Zuverl\u00e4ssigkeit im Mittelpunkt \u2013 wir \u00fcbernehmen Ihre administrativen Aufgaben, damit Sie sich auf Ihr Kerngesch\u00e4ft konzentrieren k\u00f6nnen.<br><br><mark style=\"background-color:rgba(0, 0, 0, 0)\" class=\"has-inline-color has-primary-color\">&gt;<\/mark>&nbsp;F\u00fchren von Buchhaltungen&nbsp;<br><mark style=\"background-color:rgba(0, 0, 0, 0)\" class=\"has-inline-color has-primary-color\">&gt;<\/mark>&nbsp;Lohnbuchhaltung<br><mark style=\"background-color:rgba(0, 0, 0, 0)\" class=\"has-inline-color has-primary-color\">&gt;&nbsp;<\/mark>Personaladministration (inkl.Quellensteuer-Abrechnung)<br><mark style=\"background-color:rgba(0, 0, 0, 0)\" class=\"has-inline-color has-primary-color\">&gt;<\/mark>&nbsp;MwSt-Abrechnung<br><mark style=\"background-color:rgba(0, 0, 0, 0)\" class=\"has-inline-color has-primary-color\">&gt;&nbsp;<\/mark>Jahresabschluss<\/a><\/div>\n<\/div>\n<\/div>\n\n\n\n<div class=\"wp-block-column is-layout-flow wp-block-column-is-layout-flow\">\n<figure class=\"wp-block-image size-full is-style-rounded\"><img decoding=\"async\" src=\"https:\/\/kasman.studio-ozz.ch\/wp-content\/uploads\/2025\/06\/kasman-t-6.jpg\" alt=\"\" class=\"wp-image-183\"\/><\/figure>\n\n\n\n<div class=\"wp-block-buttons is-layout-flex wp-block-buttons-is-layout-flex\">\n<div class=\"wp-block-button\"><a class=\"wp-block-button__link has-text-align-left wp-element-button\"><strong><mark style=\"background-color:rgba(0, 0, 0, 0)\" class=\"has-inline-color has-primary-color\">Steuern<\/mark><\/strong><br><br>Wir optimieren Ihre Steuern \u2013 transparent und effizient. Wir bieten Ihnen eine ganzheitliche Steuerberatung \u2013 von der Steuererkl\u00e4rung \u00fcber die Optimierung bis hin zur langfristigen Steuerplanung, immer im Einklang mit den aktuellen gesetzlichen Vorgaben.<br><br><mark style=\"background-color:rgba(0, 0, 0, 0)\" class=\"has-inline-color has-primary-color\">&gt;<\/mark>&nbsp;Steuerberatung und Optimierung<br><mark style=\"background-color:rgba(0, 0, 0, 0)\" class=\"has-inline-color has-primary-color\">&gt;<\/mark>&nbsp;Erstellung von Steuererkl\u00e4rungen f\u00fcr nat\u00fcrliche und juristische Personen<br><br><br><br><\/a><\/div>\n<\/div>\n<\/div>\n\n\n\n<div class=\"wp-block-column is-layout-flow wp-block-column-is-layout-flow\">\n<figure class=\"wp-block-image size-full is-style-rounded\"><img loading=\"lazy\" decoding=\"async\" width=\"1500\" height=\"1001\" src=\"https:\/\/kasman.studio-ozz.ch\/wp-content\/uploads\/2025\/08\/kasman-t-4a.jpg\" alt=\"\" class=\"wp-image-220\" srcset=\"https:\/\/kasman.studio-ozz.ch\/wp-content\/uploads\/2025\/08\/kasman-t-4a.jpg 1500w, https:\/\/kasman.studio-ozz.ch\/wp-content\/uploads\/2025\/08\/kasman-t-4a-300x200.jpg 300w, https:\/\/kasman.studio-ozz.ch\/wp-content\/uploads\/2025\/08\/kasman-t-4a-1024x683.jpg 1024w, https:\/\/kasman.studio-ozz.ch\/wp-content\/uploads\/2025\/08\/kasman-t-4a-768x513.jpg 768w, https:\/\/kasman.studio-ozz.ch\/wp-content\/uploads\/2025\/08\/kasman-t-4a-1080x721.jpg 1080w\" sizes=\"(max-width: 1500px) 100vw, 1500px\" \/><\/figure>\n\n\n\n<div class=\"wp-block-buttons is-layout-flex wp-block-buttons-is-layout-flex\">\n<div class=\"wp-block-button\"><a class=\"wp-block-button__link has-text-align-left wp-element-button\"><strong><mark style=\"background-color:rgba(0, 0, 0, 0)\" class=\"has-inline-color has-primary-color\">Beratungen<\/mark><\/strong><br><br>Individuelle Beratung, die wirklich weiterhilft.<br>Ob Unternehmensgr\u00fcndung, Nachfolgeplanung oder strategische Entscheidungen \u2013 mit Erfahrung und Weitblick begleiten wir Sie bei allen wichtigen Schritten Ihrer gesch\u00e4ftlichen Entwicklung.<br><br><mark style=\"background-color:rgba(0, 0, 0, 0)\" class=\"has-inline-color has-primary-color\">&gt;<\/mark>&nbsp;Unternehmensberatung<br><mark style=\"background-color:rgba(0, 0, 0, 0)\" class=\"has-inline-color has-primary-color\">&gt;&nbsp;<\/mark>Unternehmensgr\u00fcndung<br><mark style=\"background-color:rgba(0, 0, 0, 0)\" class=\"has-inline-color has-primary-color\">&gt;<\/mark>&nbsp;Steuerberatung<br><mark style=\"background-color:rgba(0, 0, 0, 0)\" class=\"has-inline-color has-primary-color\">&gt;<\/mark>&nbsp;Vorsorgeberatung<br><mark style=\"background-color:rgba(0, 0, 0, 0)\" class=\"has-inline-color has-primary-color\">&gt;&nbsp;<\/mark>Abstimmung mit Banken, Versicherungen und Steuerverwaltungen<br><br><\/a><\/div>\n<\/div>\n<\/div>\n<\/div>\n\n\n\n<div style=\"height:var(--wp--preset--spacing--20)\" aria-hidden=\"true\" class=\"wp-block-spacer\"><\/div>\n<\/div>\n\n\n\n<div style=\"height:var(--wp--preset--spacing--20)\" aria-hidden=\"true\" class=\"wp-block-spacer\"><\/div>\n<\/div>\n","protected":false},"excerpt":{"rendered":"<p>Wir bieten eine Vielzahl von Dienstleistungen an, um Ihre finanziellen Bed\u00fcrfnisse zu erf\u00fcllen.<\/p>\n","protected":false},"author":1,"featured_media":0,"parent":0,"menu_order":2,"comment_status":"closed","ping_status":"closed","template":"","meta":{"_et_pb_use_builder":"","_et_pb_old_content":"","_et_gb_content_width":"","footnotes":""},"class_list":["post-41","page","type-page","status-publish","hentry"],"_links":{"self":[{"href":"https:\/\/kasman.studio-ozz.ch\/index.php?rest_route=\/wp\/v2\/pages\/41","targetHints":{"allow":["GET"]}}],"collection":[{"href":"https:\/\/kasman.studio-ozz.ch\/index.php?rest_route=\/wp\/v2\/pages"}],"about":[{"href":"https:\/\/kasman.studio-ozz.ch\/index.php?rest_route=\/wp\/v2\/types\/page"}],"author":[{"embeddable":true,"href":"https:\/\/kasman.studio-ozz.ch\/index.php?rest_route=\/wp\/v2\/users\/1"}],"replies":[{"embeddable":true,"href":"https:\/\/kasman.studio-ozz.ch\/index.php?rest_route=%2Fwp%2Fv2%2Fcomments&post=41"}],"version-history":[{"count":20,"href":"https:\/\/kasman.studio-ozz.ch\/index.php?rest_route=\/wp\/v2\/pages\/41\/revisions"}],"predecessor-version":[{"id":261,"href":"https:\/\/kasman.studio-ozz.ch\/index.php?rest_route=\/wp\/v2\/pages\/41\/revisions\/261"}],"wp:attachment":[{"href":"https:\/\/kasman.studio-ozz.ch\/index.php?rest_route=%2Fwp%2Fv2%2Fmedia&parent=41"}],"curies":[{"name":"wp","href":"https:\/\/api.w.org\/{rel}","templated":true}]}}